is -732 - -778 - (11 + 2 + 1)?
32
What is (9 - 15 - 10) + 40?
24
10 + (2 - 0) + (7 - 12) + 16
23
Calculate 8 + (-7 - (-3 - (13 + -1))).
16
Evaluate -35 - 7 - -22 - -37.
17
-4 - -17 - (-15 + 56 + -19)
-9
Calculate (0 - 2) + (0 - -15 - 28) - 1.
-16
-2 + (-8 - -26 - 28)
-12
Evaluate 44 - 67 - -43 - ((0 - -9) + -1).
12
Calculate 21 + -22 - (2 - 18).
15
Calculate 14 + 4 + -16 - (-6 + -6 + -6).
20
What is the value of 4 + 7 + -2 - 10?
-1
What is the value of 6 + -27 + (-3 - 1) + 11?
-14
Evaluate -1 + -24 + 6 + 8 + 1.
-10
What is 20 + -4 - 1 - (-13 + (-10 - -25))?
13
2 + (-16 - -29) + 3
18
21 - (-18 + 13 - -14) - -9
21
What is 38 + (11 - (-10 - -39))?
20
Calculate -10 - (12 - 6 - -10 - -1).
-27
What is the value of (89 - 91) + (12 - -1)?
11
Evaluate (-1 - 17 - (-30 + -36 + 77)) + 0.
-29
64 + -78 - (0 + -3 - -14)
-25
What is the value of -22 + 0 + (-63 - -72)?
-13
What is the value of (4 - 3) + 5 - ((8 - 15) + 6)?
7
What is the value of 3 - (-181 + 181 - (-1 - 0))?
2
What is the value of (2 - 12) + -101 + 97?
-14
Evaluate -3 - -9 - 22 - -2.
-14
What is the value of (2 - -21) + 20 + -9 + -18?
16
Calculate 0 + 3 + (-443 - -442).
2
What is the value of 8 + (7 - 9) + -3 - 7?
-4
What is the value of (-8 + -1 - -17) + 4?
12
What is the value of 42 + 10 + -4 - 23?
25
-3 + -23 + 9 + -2 + (0 - -3)
-16
Calculate (-8 - -3) + 13 + -19.
-11
Calculate (2 - -2 - -1) + (-5 - -7) - 1.
6
What is (4 - -1) + (-24 - -55 - 27)?
9
What is 3 + -8 + -10 + 15?
0
(14 - 5) + -4 - (-5 + 25 - 3)
-12
Calculate 4 + (11 - (7 + 14)).
-6
-13 - 13 - (-20 - 21)
15
What is 0 + 6 + 3 + -1 + -22 + 15?
1
Evaluate 49 + (-70 + 44 - 19).
4
What is the value of -471 + 468 + (-2 - -1 - (-1 - -1))?
-4
Evaluate 1 + (-7 - (9 - 3)) - -6.
-6
What is -5 - (-1 - 10 - 1)?
7
(915 - 920) + 22 + (3 + -2 - -1)
19
(0 + -4 - 31) + (64 - 49)
-20
What is the value of -9 - -1 - ((-25 - 2) + 33)?
-14
Evaluate 23 + 2 - (-130 + 138).
17
(7 - -2) + 9 + -44 + 7
-19
What is 5 + (-17 - -22) + (3 - 1) + -7?
5
Calculate -8 + 5 - (-7 + (-9 - -5) - 4).
12
What is the value of 24 + -16 + (-2 - -8) - 6?
8
Evaluate 5 - 5 - 0 - (-3 + (-1 - -2)).
2
Calculate 5 - (-7 + 1 - -15).
-4
Evaluate 9 - 1 - (9 + -6 + 2).
3
4 + 0 + (3 + -19 - 4)
-16
Calculate 19 + 6 + -13 + 0.
12
(15 - (23 - 13)) + (2 - (5 + 2))
0
What is the value of -6 - (-5 + (-2 - -5 - 7))?
3
Evaluate -25 - -10 - (-11 + (-10 - -3)).
3
-26 + 67 + -24 + -42
-25
What is the value of -6 + ((12 - 3) + 0 - 3) + 2?
2
What is -27 + 6 + (-10 - (-3 + 11 - 20))?
-19
What is -14 - (-18 - -6 - -1)?
-3
What is the value of 5 + -16 - ((125 - 164) + (13 - 1))?
16
Evaluate -4 + 8 + 5 - (5 - -23).
-19
Calculate (-17 - -4) + 11 + 4.
2
Calculate (2 - 0) + (3 - 1 - (49 - 62)).
17
Calculate 10 - (14 + -2 + -4).
2
What is the value of 8 - ((16 - 3) + -5)?
0
What is the value of (1 - (-6 - -6)) + (-2 - -3)?
2
Calculate 12 - (8 - (-10 - (11 - 22)) - -1).
4
Evaluate (3 + -3 - -7) + (1 - -1) + -28.
-19
What is the value of -29 + (11 - (18 - 16))?
-20
Evaluate -1 - 0 - (-42 + 42).
-1
What is the value of -15 - (13 - (6 - 9 - -11))?
-20
Calculate (-22 - 0 - 1) + -90 + 126 + -28.
-15
What is 22 + (-10 - (36 + -17))?
-7
Evaluate 10 - (-5 - (11 + -18)).
8
What is -6 - -18 - 5 - (16 + 12)?
-21
What is -12 + (-4 - (-5 + -7) - (-19 - 13))?
28
What is the value of 17 + 5 + (-21 - -8) + 7 + -6?
10
What is 4 - (-9 - (-12 + (5 - (2 - -8))))?
-4
Calculate (-3 - -9) + 51 + -58 + -15.
-16
2 - (12 + -4) - (-7 + 18)
-17
Calculate -4 + (-1 + 17 - (-3 + -12 - -6)).
21
What is 106 - 103 - (0 + 1 - -2)?
0
2 + 14 - (-137 - -141)
12
What is 2 - (5 + 12 + -13)?
-2
Evaluate 38 + 18 + (-4 - (12 - 6)) + -10.
36
What is -2 + 1 + 1 + 103 + -101?
2
What is 4 + -4 + -2 + (5 - 13) + 2?
-8
Calculate 2 + (-19 - -10) - (4 + 1).
-12
Evaluate 19 + -16 - (21 + -13 + -5).
0
What is 6 + -21 + 8 + -4 + 3 + 2?
-6
4 + (-3 - 13) + 7 - -10 - -4
9
3 + 4 + 1 - -9
17
-7 - -7 - (31 + -27)
-4
Calculate 5 - (3 - 6) - 25.
-17
What is the value of 6 - (-4 - -9) - (2 - 23)?
22
2 + -4 + 3 + (2 - 5)
-2
Evaluate 24 + 25 + -41 + -21.
-13
53 - (49 + (27 - 43))
20
15 - ((5 - (-3 + 8)) + 17 + -9)
7
Evaluate -111 - -77 - -36 - (-8 + -1 + 0).
11
What is (-1 - -1) + 12 + -15 + (-14 - -14)?
-3
What is (-5 - -7) + (-18 - -17) + -2 + -9?
-10
Calculate -3 - (-34 + 13 - -19).
-1
Evaluate (-20 - 12) + (119 - 54).
33
What is 1 - (-3 + 10 - (6 + -4 - 5))?
-9
Calculate 10 + 6 + 6 + -31 + 17.
8
Calculate 26 - (3 - -21) - (-24 - (1 - 2)).
25
What is -2 + 0 - (-13 - (-16 - -12))?
7
Evaluate (-14 - -2) + 1164 + -1158.
-6
(-5 + 6 - (0 - -32)) + 663 + -666
-34
8 + (-2 - (6 - 9 - (-1 - -3)))
11
What is -4 + 1 - (0 - (-4 - -14 - 4))?
3
-7 + -2 + (6 + -4 - -1)
-6
What is the value of -5 + (-6 + 4 + (-5 - -1) - -4)?
-7
-5 - -8 - 5 - ((13 - -1) + -4)
-12
What is the value of (-1 - 8 - (-54 + (45 - 6))) + -5?
1
Calculate 0 + -2 + (6 - 34) + 38.
8
What is the value of 0 + (18 - (1 + (0 - (3 + -6))))?
14
Calculate 47 - (1 - -9) - (-1 - -14).
24
Calculate -15 - (1 - 0) - (-64 - -53).
-5
What is the value of 21 + (16 - 29) + -4 + -38?
-34
Evaluate 10 - 1 - (-4 - (-21 - -16) - 4).
12
Evaluate (-1 - -1 - (-36 + 28)) + -6.
2
-2 - ((105 - 110) + (1 - 1) + -19)
22
Calculate -32 + 2 + 13 + (39 - 55).
-33
Evaluate -8 + 12 - 2 - -1.
3
Calculate (-6 - -3) + (-2 - (8 + -13)) + 3.
3
Calculate (-37 - (-23 - 40)) + -1.
25
Evaluate 4 + (3 - 19) + 8.
-4
Evaluate -8 + (3 - (10 + (-7 - -4))).
-12
Calculate -39 + (3 - (-26 + -8)).
-2
What is -3 + (-14 - -31) - 18?
-4
-4 + (-36 + 34 - (0 - 9) - 4)
-1
Calculate (18 - 11) + 6 - (6 + 14).
-7
Calculate (-4 - -2) + (1 + 2 - (5 + -2)).
-2
What is the value of -20 + (-9 - -1) + 11 - (0 + -9)?
-8
What is the value of -4 + -3 + (-4 - -22 - -3)?
14
Calculate 5 + (10 - (8 + 1)) - (-1 - 4).
11
What is the value of 1 + (-14 - (-16 + 10) - -9)?
2
Calculate (29 - 25) + (-1 - (9 + 3)).
-9
What is the value of (-3 + 3 + -1 - 2) + -7?
-10
What is the value of 9 - (3 - (-8 + (-4 - -6)))?
0
What is the value of (30 - (-1 + -4 + 20)) + -5?
10
Calculate 9 + -6 - -24 - 24.
3
Evaluate -28 + (-1 + 16 - (-74 - -86)).
-25
Evaluate 0 + (-5 - -1) - (5 + -14) - 0.
5
What is the value of (-8 - 0 - -14) + (-12 + 1 - 0)?
-5
What is the value of -28 + 26 - (3 + 4 + -3)?
-6
1 + 1 + (49 - 67) - 1
-17
Evaluate (5 - (-13 + 23 + 2)) + 25.
18
Evaluate 10 - (-2 - (-6 + -8 - -5)).
3
Calculate -3 + -15 - (6 - (-12 + 17)) - -3.
-16
What is the value of 6 + -4 - (10 - 23)?
15
What is the value of -52 + 52 + (-2 - 6) + 1 + -3?
-10
-4 + (3 - (4 - 22)) - 12
5
Evaluate 13 + 21 + -9 + -25.
0
What is -1 - (-1 + (-9 - -9) + 14)?
-14
(4 - (-3 + 16 + -5)) + 15
11
Calculate -6 + 4 - 9 - (6 + (-3 - 6)).
-8
Calculate -6 + 15 + -16 + -7 + 0 + 5.
-9
Evaluate -13 + (8 - (0 - 9)).
4
-20 - (13 + 1 + (-137 - -63))
40
What is (149 - 173) + (4 + -7 - (-14 - -2))?
-15
Evaluate 0 + (66 - (56 + -15)).
25
Calculate 3 + 1 + -62 + 54.
-4
What is the value of -11 + 4 + -3 + 0?
-10
What is 7 + (2 - (7 + -2) - -10)?
14
Calculate (1 - -8) + -1 + (-52 - -29).
-15
Evaluate 3 + 0 + 3 + (-4 - (-9 + -3)).
14
Calculate (-1 - ((6 - -1) + 0)) + 18.
10
Evaluate -12 - ((0 - -8) + (-14 - 5) + 7).
-8
Calculate 6 + 6 + (-12 - -13) + 7.
20
What is -25 - -32 - (-7 + (-5 - 3))?
22
Evaluate -13 - (29 - (13 - -8)).
-21
What is the value of 13 + 1 + (-4 - -6) + -33?
-17
-75 + 32 + 24 + -1
-20
Calculate (10 + 28 - (11 - 0)) + -10.
17
Evaluate 1 + (15 - 12 - 5).
-1
What is 3 - (-4 + 7 - -11) - -24?
13
6 + (8 - 2) - 5
7
(11 - 6 - 0 - 4) + -7 - 6
-12
Evaluate 31 - (20 - 15) - (3 + 2).
21
What is the value of 55 + 0 + -3 + -31?
21
Evaluate -20 + 6 + 7 - (-6 + 0).
-1
Evaluate (7 - (13 + -1)) + (-14 - -33).
14
What is 20 - (7 + (-13 - -15))?
11
20 - -11 - (-8 - -27)
12
(-1 - (-14 + 7)) + (11 - (3 - 0))
14
(-10 - (-20 - -8)) + -5
-3
Calculate (20 - (4 - -1)) + 5 + -11.
9
Calculate 28 - 39 - (-11 + -18).
18
What is the value of (-5 - -1) + 6 + 0 + 17 + -22?
-3
What is -1 - -17 - (-45 + 14 + 30)?
17
-172 + 163 - (0 - -3)
-12
What is -7 + (-1 + 1 + -3 - 1 - -10)?
-1
12 + 12 + 18 + -39
3
What is the value of 2 + (-2 - 3 - -3) - (5 - -2)?
-7
-14 - (-8 + -14 + -3)
11
6 + -4 - (-5 + -6 - (-2 - 2))
9
What is 11 + (10 - 37 - -16) + 14?
14
What is the value of -54 + 58 + (1 - 2) + 7?
10
What is (2 - 1) + -5 - (3 + 10 + -8)?
-9
Evaluate -14 + (2 - -9 - 4) -